{"id":1500,"date":"2025-11-28T10:46:52","date_gmt":"2025-11-28T13:46:52","guid":{"rendered":"https:\/\/clientehostix.com.br\/pharmacosmeticos\/?post_type=product&#038;p=1500"},"modified":"2025-12-17T15:09:56","modified_gmt":"2025-12-17T18:09:56","slug":"shampoo-anticaspa-refrescante","status":"publish","type":"product","link":"https:\/\/clientehostix.com.br\/pharmacosmeticos\/produto\/shampoo-anticaspa-refrescante\/","title":{"rendered":"SHAMPOO ANTICASPA REFRESCANTE"},"content":{"rendered":"<p><b>VOLUME:<\/b><span style=\"font-weight: 400;\"> 200ml\u00a0<\/span><\/p>\n<p><b>PESO L\u00cdQUIDO:<\/b><span style=\"font-weight: 400;\"> 200g\u00a0<\/span><\/p>\n<p><b>PESO BRUTO:<\/b><span style=\"font-weight: 400;\"> 235g\u00a0<\/span><\/p>\n<p><b>PESO DA CAIXA (VAZIA): <\/b><span style=\"font-weight: 400;\">105g\u00a0<\/span><\/p>\n<p><b>MEDIDAS DA CAIXA: <\/b><span style=\"font-weight: 400;\">27cm (C) x 14cm (L) 10,5 cm (A)\u00a0<\/span><\/p>\n<p><b>BENEF\u00cdCIOS:<\/b><span style=\"font-weight: 400;\">\u00a0<\/span><\/p>\n<ul>\n<li style=\"font-weight: 400;\" aria-level=\"1\"><span style=\"font-weight: 400;\">Combate a caspa<\/span><\/li>\n<li style=\"font-weight: 400;\" aria-level=\"1\"><span style=\"font-weight: 400;\">Combate a oleosidade<\/span><\/li>\n<li style=\"font-weight: 400;\" aria-level=\"1\"><span style=\"font-weight: 400;\">N\u00e3o agride os cabelos<\/span><\/li>\n<\/ul>\n<p>&nbsp;<\/p>\n<p><b>PRA QUEM \u00c9 INDICADO:<\/b><span style=\"font-weight: 400;\"> Adultos que tenham problemas relacionados \u00e0 caspa.\u00a0<\/span><\/p>\n<p><b>MODO DE USAR:<\/b><span style=\"font-weight: 400;\"> Aplicar no cabelo molhado uma pequena quantidade, massagear o couro cabeludo, deixar por 1 minuto. Enxaguar. Repetir a opera\u00e7\u00e3o.<\/span><\/p>\n<p><b>ADVERT\u00caNCIAS: <\/b><span style=\"font-weight: 400;\">Manter fora do alcance das crian\u00e7as. Em caso de irrita\u00e7\u00e3o, suspenda o uso e procure orienta\u00e7\u00e3o m\u00e9dica. Uso externo. Manter em local fresco ao abrigo da luz e do calor.<\/span><\/p>\n<p>&nbsp;<\/p>\n<p><b>COMPOSI\u00c7\u00c3O (MAN): <\/b><span style=\"font-weight: 400;\">AQUA, SODIUM LAURETH SULFATE, COCAMIDE DEA, COCAMIDOPROPYL BETAINE, GLYCOL DISTEARATE, ZINC PYRITHIONE, SODIUM CHLORIDE, PILOCARPUS PENNATIFOLIUS LEAF EXTRACT, PARFUM (HEXYL CINNAMAL, LIMONENE, LINALOOL), PEG-150 DISTEARATE, ARNICA MONTANA FLOWER EXTRACT, PROPOLIS EXTRACT, PEG-12 DIMETHICONE, CITRIC ACID, ALCOHOL, CI 42090, COLLAGEN, MENTHOL, METHYLCHLOROISOTHIAZOLINONE\/ METHYLISOTHIAZOLINONE.<\/span><\/p>\n<p><b>COMPOSI\u00c7\u00c3O (REFRESCANTE): <\/b><span style=\"font-weight: 400;\">AQUA, SODIUM LAURETH SULFATE, COCAMIDE DEA, COCAMIDOPROPYL BETAINE, GLYCOL DISTEARATE, ZINC PYRITHIONE, SODIUM CHLORIDE, PILOCARPUS PENNATIFOLIUS LEAF EXTRACT, MENTHOL, PARFUM (BENZYL SALICYLATE, CITRAL, HYDROXYISOHEXYL 3-CYCLOHEXENE CARBOXALDEHYDE, LIMONENE, LINALOOL), PEG-150 DISTEARATE, ARNICA MONTANA FLOWER EXTRACT, PROPOLIS EXTRACT, PEG-12 DIMETHICONE, CITRIC ACID, CI 19140, CI 42090, ALCOHOL, COLLAGEN, METHYLCHLOROISOTHIAZOLINONE \/ METHYLISOTHIAZOLINONE.<\/span><\/p>\n<p><b>COMPOSI\u00c7\u00c3O (WOMAN): <\/b><span style=\"font-weight: 400;\">AQUA, SODIUM LAURETH SULFATE, COCAMIDE DEA, COCAMIDOPROPYL BETAINE, GLYCOL DISTEARATE, ZINC PYRITHIONE, SODIUM CHLORIDE, PILOCARPUS PENNATIFOLIUS LEAF EXTRACT, PARFUM, PEG-150 DISTEARATE, ARNICA MONTANA FLOWER EXTRACT, PROPOLIS EXTRACT, CI 15850, PEG-12 DIMETHICONE, CITRIC ACID, ALCOHOL, COLLAGEN, MENTHOL, METHYLCHLOROISOTHIAZOLINONE \/ METHYLISOTHIAZOLINONE.<\/span><\/p>\n","protected":false},"excerpt":{"rendered":"<p><span style=\"font-weight: 400;\">O Shampoo Anticaspa Pharma possui o ingrediente piritionato de zinco, eficiente agente para o tratamento cosm\u00e9tico da caspa. \u00c9 elaborado com extratos de arnica e pr\u00f3polis, que estimulam o couro cabeludo, auxiliam no combate \u00e0 oleosidade e, consequentemente, ajudam a combater a caspa.<\/span><\/p>\n<p><span style=\"font-weight: 400;\">Indicado para todos os tipos de cabelos com caspa ou oleosidade.<\/span><\/p>\n","protected":false},"featured_media":1501,"comment_status":"open","ping_status":"closed","template":"","meta":{"_monsterinsights_skip_tracking":false,"_monsterinsights_sitenote_active":false,"_monsterinsights_sitenote_note":"","_monsterinsights_sitenote_category":0},"product_brand":[],"product_cat":[41,46],"product_tag":[75],"class_list":{"0":"post-1500","1":"product","2":"type-product","3":"status-publish","4":"has-post-thumbnail","6":"product_cat-cabelos","7":"product_cat-protecao","8":"product_tag-shampoo","10":"first","11":"instock","12":"taxable","13":"shipping-taxable","14":"purchasable","15":"product-type-simple"},"_links":{"self":[{"href":"https:\/\/clientehostix.com.br\/pharmacosmeticos\/wp-json\/wp\/v2\/product\/1500","targetHints":{"allow":["GET"]}}],"collection":[{"href":"https:\/\/clientehostix.com.br\/pharmacosmeticos\/wp-json\/wp\/v2\/product"}],"about":[{"href":"https:\/\/clientehostix.com.br\/pharmacosmeticos\/wp-json\/wp\/v2\/types\/product"}],"replies":[{"embeddable":true,"href":"https:\/\/clientehostix.com.br\/pharmacosmeticos\/wp-json\/wp\/v2\/comments?post=1500"}],"wp:featuredmedia":[{"embeddable":true,"href":"https:\/\/clientehostix.com.br\/pharmacosmeticos\/wp-json\/wp\/v2\/media\/1501"}],"wp:attachment":[{"href":"https:\/\/clientehostix.com.br\/pharmacosmeticos\/wp-json\/wp\/v2\/media?parent=1500"}],"wp:term":[{"taxonomy":"product_brand","embeddable":true,"href":"https:\/\/clientehostix.com.br\/pharmacosmeticos\/wp-json\/wp\/v2\/product_brand?post=1500"},{"taxonomy":"product_cat","embeddable":true,"href":"https:\/\/clientehostix.com.br\/pharmacosmeticos\/wp-json\/wp\/v2\/product_cat?post=1500"},{"taxonomy":"product_tag","embeddable":true,"href":"https:\/\/clientehostix.com.br\/pharmacosmeticos\/wp-json\/wp\/v2\/product_tag?post=1500"}],"curies":[{"name":"wp","href":"https:\/\/api.w.org\/{rel}","templated":true}]}}