{"id":1495,"date":"2025-11-28T10:35:08","date_gmt":"2025-11-28T13:35:08","guid":{"rendered":"https:\/\/clientehostix.com.br\/pharmacosmeticos\/?post_type=product&#038;p=1495"},"modified":"2025-12-09T10:58:48","modified_gmt":"2025-12-09T13:58:48","slug":"agua-de-lencol-bamboo-500ml","status":"publish","type":"product","link":"https:\/\/clientehostix.com.br\/pharmacosmeticos\/produto\/agua-de-lencol-bamboo-500ml\/","title":{"rendered":"\u00c1GUA DE LEN\u00c7OL BAMBOO 500ml"},"content":{"rendered":"<p><b>VOLUME:<\/b><span style=\"font-weight: 400;\">\u00a0<\/span><\/p>\n<p><b>PESO L\u00cdQUIDO:<\/b><span style=\"font-weight: 400;\"> 500g\u00a0<\/span><\/p>\n<p><b>PESO BRUTO:<\/b><span style=\"font-weight: 400;\"> 520g\u00a0<\/span><\/p>\n<p><b>PESO DA CAIXA (VAZIA): <\/b><span style=\"font-weight: 400;\">105g\u00a0<\/span><\/p>\n<p><b>MEDIDAS DA CAIXA: <\/b><span style=\"font-weight: 400;\">27cm (C) x 14cm (L) 10,5 cm (A)\u00a0<\/span><\/p>\n<p>&nbsp;<\/p>\n<p><b>PRA QUEM \u00c9 INDICADO:<\/b><span style=\"font-weight: 400;\"> Pessoas que querem perfumar as roupas de cama com fragr\u00e2ncias agrad\u00e1veis que promovem sensa\u00e7\u00e3o e relaxamento.<\/span><\/p>\n<p><b>MODO DE USAR:<\/b><span style=\"font-weight: 400;\"> Borrifar sobre os len\u00e7\u00f3is aproximadamente uma hora antes de dormir.<\/span><\/p>\n<p>&nbsp;<\/p>\n<p><b>ADVERT\u00caNCIAS:<\/b><span style=\"font-weight: 400;\"> Cuidado, produto inflam\u00e1vel. Mantenha o recipiente hermeticamente fechado, longe de fontes de calor e fora do alcance de crian\u00e7as, animais e luz solar direta. Uso externo. Evite contato com os olhos, caso aconte\u00e7a lave com \u00e1gua em abund\u00e2ncia, havendo irrita\u00e7\u00e3o procure um m\u00e9dico. N\u00e3o recomendado para uso no interior de ve\u00edculos.<\/span><\/p>\n<p><b>COMPOSI\u00c7\u00c3O (ALECRIM):<\/b><span style=\"font-weight: 400;\"> ALCOHOL, AQUA, PARFUM (BENZYL SALICYLATE, D-LIMONENE, LINALOOL), METHYLCHLOROISOTHIAZOLINONE \/ METHYLISOTHIAZOLINONE, BENZOTRIAZOLYL DODECYL P-CRESOL.<\/span><\/p>\n<p><span style=\"font-weight: 400;\">*A fragr\u00e2ncia remete a alecrim.*<\/span><\/p>\n<p><b>COMPOSI\u00c7\u00c3O (BAMBOO):<\/b><span style=\"font-weight: 400;\"> ALCOHOL, AQUA, PARFUM (AMYL CINNAMAL, GERANIOL, LINALOOL), METHYLCHLOROISOTHIAZOLINONE \/ METHYLISOTHIAZOLINONE, BENZOTRIAZOLYL DODECYL P-CRESOL.<\/span><\/p>\n<p><span style=\"font-weight: 400;\">*A fragr\u00e2ncia remete \u00e0 bamboo.*<\/span><\/p>\n","protected":false},"excerpt":{"rendered":"<p><span style=\"font-weight: 400;\">A \u00c1gua de Len\u00e7ol Purify Home possui f\u00f3rmula exclusiva, que perfuma os len\u00e7\u00f3is e proporciona agrad\u00e1vel sensa\u00e7\u00e3o de relaxamento e bem estar antes do sono. <\/span><\/p>\n","protected":false},"featured_media":1496,"comment_status":"open","ping_status":"closed","template":"","meta":{"_monsterinsights_skip_tracking":false,"_monsterinsights_sitenote_active":false,"_monsterinsights_sitenote_note":"","_monsterinsights_sitenote_category":0},"product_brand":[],"product_cat":[36],"product_tag":[],"class_list":{"0":"post-1495","1":"product","2":"type-product","3":"status-publish","4":"has-post-thumbnail","6":"product_cat-cosmeticos","8":"first","9":"instock","10":"taxable","11":"shipping-taxable","12":"purchasable","13":"product-type-simple"},"_links":{"self":[{"href":"https:\/\/clientehostix.com.br\/pharmacosmeticos\/wp-json\/wp\/v2\/product\/1495","targetHints":{"allow":["GET"]}}],"collection":[{"href":"https:\/\/clientehostix.com.br\/pharmacosmeticos\/wp-json\/wp\/v2\/product"}],"about":[{"href":"https:\/\/clientehostix.com.br\/pharmacosmeticos\/wp-json\/wp\/v2\/types\/product"}],"replies":[{"embeddable":true,"href":"https:\/\/clientehostix.com.br\/pharmacosmeticos\/wp-json\/wp\/v2\/comments?post=1495"}],"wp:featuredmedia":[{"embeddable":true,"href":"https:\/\/clientehostix.com.br\/pharmacosmeticos\/wp-json\/wp\/v2\/media\/1496"}],"wp:attachment":[{"href":"https:\/\/clientehostix.com.br\/pharmacosmeticos\/wp-json\/wp\/v2\/media?parent=1495"}],"wp:term":[{"taxonomy":"product_brand","embeddable":true,"href":"https:\/\/clientehostix.com.br\/pharmacosmeticos\/wp-json\/wp\/v2\/product_brand?post=1495"},{"taxonomy":"product_cat","embeddable":true,"href":"https:\/\/clientehostix.com.br\/pharmacosmeticos\/wp-json\/wp\/v2\/product_cat?post=1495"},{"taxonomy":"product_tag","embeddable":true,"href":"https:\/\/clientehostix.com.br\/pharmacosmeticos\/wp-json\/wp\/v2\/product_tag?post=1495"}],"curies":[{"name":"wp","href":"https:\/\/api.w.org\/{rel}","templated":true}]}}