{"id":1299,"date":"2025-11-17T13:47:06","date_gmt":"2025-11-17T16:47:06","guid":{"rendered":"https:\/\/clientehostix.com.br\/pharmacosmeticos\/?post_type=product&#038;p=1299"},"modified":"2025-12-17T15:12:31","modified_gmt":"2025-12-17T18:12:31","slug":"gel-massageador-aliviah","status":"publish","type":"product","link":"https:\/\/clientehostix.com.br\/pharmacosmeticos\/produto\/gel-massageador-aliviah\/","title":{"rendered":"GEL MASSAGEADOR ALIVIAH &#8211; 150g\u00a0"},"content":{"rendered":"<p><b>PESO L\u00cdQUIDO:<\/b><span style=\"font-weight: 400;\"> 150g\u00a0<\/span><\/p>\n<p><b>PESO BRUTO:<\/b><span style=\"font-weight: 400;\"> 175g\u00a0<\/span><\/p>\n<p><b>PESO DA CAIXA (VAZIA): <\/b><span style=\"font-weight: 400;\">105g\u00a0<\/span><\/p>\n<p><b>MEDIDAS DA CAIXA: <\/b><span style=\"font-weight: 400;\">27cm (C) x 14cm (L) 10,5 cm (A)\u00a0<\/span><\/p>\n<p><b>CATEGORIA 1 (PRINCIPAL): <\/b><span style=\"font-weight: 400;\">Corporal<\/span><\/p>\n<p><b>CATEGORIA 2 (SUBCATEGORIA): <\/b><span style=\"font-weight: 400;\">Tratamento<\/span><\/p>\n<p><b>BENEF\u00cdCIOS:<\/b><span style=\"font-weight: 400;\">\u00a0<\/span><\/p>\n<ul>\n<li style=\"font-weight: 400;\" aria-level=\"1\"><span style=\"font-weight: 400;\">Alivia as dores musculares<\/span><\/li>\n<li style=\"font-weight: 400;\" aria-level=\"1\"><span style=\"font-weight: 400;\">Promove sensa\u00e7\u00e3o de relaxamento e refresc\u00e2ncia<\/span><\/li>\n<\/ul>\n<p><b>COT\u00c9M:<\/b><span style=\"font-weight: 400;\">\u00a0<\/span><\/p>\n<ul>\n<li style=\"font-weight: 400;\" aria-level=\"1\"><span style=\"font-weight: 400;\">Erva de Santa Maria (mastruz)<\/span><\/li>\n<li style=\"font-weight: 400;\" aria-level=\"1\"><span style=\"font-weight: 400;\">Arnica<\/span><\/li>\n<li style=\"font-weight: 400;\" aria-level=\"1\"><span style=\"font-weight: 400;\">Mentol<\/span><\/li>\n<li style=\"font-weight: 400;\" aria-level=\"1\"><span style=\"font-weight: 400;\">C\u00e2nfora<\/span><\/li>\n<li style=\"font-weight: 400;\" aria-level=\"1\"><span style=\"font-weight: 400;\">Salicilato de Metila<\/span><\/li>\n<\/ul>\n<p>&nbsp;<\/p>\n<p><b>PRA QUEM \u00c9 INDICADO:<\/b><span style=\"font-weight: 400;\"> Adultos. Pessoas com dores musculares.\u00a0<\/span><\/p>\n<p><b>MODO DE USAR:<\/b><span style=\"font-weight: 400;\"> Aplique uma pequena quantidade no local desejado e massageie at\u00e9 que o gel seja absorvido pela pele e conseguir obter uma sensa\u00e7\u00e3o de relaxamento e refresc\u00e2ncia.<\/span><\/p>\n<p><b>ADVERT\u00caNCIAS: <\/b><span style=\"font-weight: 400;\">Uso externo. Proibido o uso em crian\u00e7as menores de 7 anos. Mantenha fora do alcance das crian\u00e7as. N\u00e3o aplicar em mucosa, pele irritada ou lesionada. Evitar contato com os olhos. N\u00e3o utilizar durante a gravidez. Em caso de sinais de intoxica\u00e7\u00e3o ou irrita\u00e7\u00e3o, suspender o uso e procurar orienta\u00e7\u00e3o m\u00e9dica.<\/span><\/p>\n<p><b>COMPOSI\u00c7\u00c3O: <\/b><span style=\"font-weight: 400;\">AQUA, ALCOHOL, CHENOPODIUM AMBROSIOIDES LEAF EXTRACT, ARNICA MONTANA FLOWER EXTRACT, CAMPHOR, MENTHA PIPERITA EXTRACT, PROPYLENE GLYCOL, TRIETHANOLAMINE, ALOE BARBADENSIS LEAF EXTRACT, CARBOMER, MENTHOL, METHYL SALICYLATE, GLYCERIN, PARFUM (COUMARIN, LIMONENE), METHYLPARABEN, EUCALYPTUS GLOBULUS LEAF EXTRACT, SCHINUS TEREBINTHIFOLIUS LEAF EXTRACT, CI 19140, CI 42090.<\/span><\/p>\n","protected":false},"excerpt":{"rendered":"<p><span style=\"font-weight: 400;\">O Gel Massageador Aliviah possui f\u00f3rmula enriquecida com c\u00e2nfora, arnica e mentol. Promove uma sensa\u00e7\u00e3o de relaxamento e refresc\u00e2ncia na pele, e aajuda a aliviar dores musculares atrav\u00e9s da massagem corporal.<\/span><\/p>\n","protected":false},"featured_media":1497,"comment_status":"open","ping_status":"closed","template":"","meta":{"_monsterinsights_skip_tracking":false,"_monsterinsights_sitenote_active":false,"_monsterinsights_sitenote_note":"","_monsterinsights_sitenote_category":0},"product_brand":[],"product_cat":[37,36],"product_tag":[77],"class_list":{"0":"post-1299","1":"product","2":"type-product","3":"status-publish","4":"has-post-thumbnail","6":"product_cat-cuidados-diario","7":"product_cat-cosmeticos","8":"product_tag-gel","10":"first","11":"instock","12":"taxable","13":"shipping-taxable","14":"purchasable","15":"product-type-simple"},"_links":{"self":[{"href":"https:\/\/clientehostix.com.br\/pharmacosmeticos\/wp-json\/wp\/v2\/product\/1299","targetHints":{"allow":["GET"]}}],"collection":[{"href":"https:\/\/clientehostix.com.br\/pharmacosmeticos\/wp-json\/wp\/v2\/product"}],"about":[{"href":"https:\/\/clientehostix.com.br\/pharmacosmeticos\/wp-json\/wp\/v2\/types\/product"}],"replies":[{"embeddable":true,"href":"https:\/\/clientehostix.com.br\/pharmacosmeticos\/wp-json\/wp\/v2\/comments?post=1299"}],"wp:featuredmedia":[{"embeddable":true,"href":"https:\/\/clientehostix.com.br\/pharmacosmeticos\/wp-json\/wp\/v2\/media\/1497"}],"wp:attachment":[{"href":"https:\/\/clientehostix.com.br\/pharmacosmeticos\/wp-json\/wp\/v2\/media?parent=1299"}],"wp:term":[{"taxonomy":"product_brand","embeddable":true,"href":"https:\/\/clientehostix.com.br\/pharmacosmeticos\/wp-json\/wp\/v2\/product_brand?post=1299"},{"taxonomy":"product_cat","embeddable":true,"href":"https:\/\/clientehostix.com.br\/pharmacosmeticos\/wp-json\/wp\/v2\/product_cat?post=1299"},{"taxonomy":"product_tag","embeddable":true,"href":"https:\/\/clientehostix.com.br\/pharmacosmeticos\/wp-json\/wp\/v2\/product_tag?post=1299"}],"curies":[{"name":"wp","href":"https:\/\/api.w.org\/{rel}","templated":true}]}}