{"id":1260,"date":"2025-11-17T11:50:49","date_gmt":"2025-11-17T14:50:49","guid":{"rendered":"https:\/\/clientehostix.com.br\/pharmacosmeticos\/?post_type=product&#038;p=1260"},"modified":"2025-12-17T15:11:26","modified_gmt":"2025-12-17T18:11:26","slug":"difusor-de-ambiente","status":"publish","type":"product","link":"https:\/\/clientehostix.com.br\/pharmacosmeticos\/produto\/difusor-de-ambiente\/","title":{"rendered":"DIFUSOR DE AMBIENTE BAMBOO"},"content":{"rendered":"<p><b>VOLUME:<\/b><span style=\"font-weight: 400;\"> 250ml\u00a0<\/span><\/p>\n<p><b>PESO L\u00cdQUIDO:<\/b><span style=\"font-weight: 400;\"> 250g\u00a0<\/span><\/p>\n<p><b>PESO BRUTO:<\/b><span style=\"font-weight: 400;\"> 270g\u00a0<\/span><\/p>\n<p><b>PESO DA CAIXA (VAZIA): <\/b><span style=\"font-weight: 400;\">105g\u00a0<\/span><\/p>\n<p><b>MEDIDAS DA CAIXA: <\/b><span style=\"font-weight: 400;\">27cm (C) x 14cm (L) 10,5 cm (A)\u00a0<\/span><\/p>\n<p><span style=\"font-weight: 400;\">\u00a0<\/span><\/p>\n<p><b>PRA QUEM \u00c9 INDICADO:<\/b><span style=\"font-weight: 400;\"> Pessoas que querem manter o ambiente perfumado com fragr\u00e2ncias agrad\u00e1veis que criam um ambiente aconchegante.<\/span><\/p>\n<p><b>MODO DE USAR:<\/b><span style=\"font-weight: 400;\"> Abra a tampa met\u00e1lica, remova a pel\u00edcula protetora e coloque as varetas dentro do frasco. Recomenda-se inverter as varetas periodicamente.<\/span><\/p>\n<p>&nbsp;<\/p>\n<p><b>ADVERT\u00caNCIAS:<\/b><span style=\"font-weight: 400;\"> Uso externo. Manter o recipiente longe de fontes de calor e fora do alcance de crian\u00e7as e animais dom\u00e9sticos. Cuidado, produto inflam\u00e1vel. Evite contato com os olhos. Em caso de contato com os olhos, lave imediatamente com \u00e1gua.<\/span><\/p>\n<p><b>COMPOSI\u00c7\u00c3O (ALECRIM):<\/b><span style=\"font-weight: 400;\"> ALCOHOL, PARFUM (BENZYL SALICYLATE, D-LIMONENE, LINALOOL), METHYLCHLOROISOTHIAZOLINONE \/ METHYLISOTHIAZOLINONE, BENZOTRIAZOLYL DODECYL P-CRESOL, CI 19140, CI 42090.<\/span><\/p>\n<p><span style=\"font-weight: 400;\">*A fragr\u00e2ncia remete \u00e0 alecrim.<\/span><\/p>\n<p><b>COMPOSI\u00c7\u00c3O (BAMBOO):<\/b><span style=\"font-weight: 400;\"> ALCOHOL, PARFUM (AMYL CINNAMAL, GERANIOL, LINALOOL), METHYLCHLOROISOTHIAZOLINONE \/ METHYLISOTHIAZOLINONE, BENZOTRIAZOLYL DODECYL P-CRESOL, CI 19140.<\/span><\/p>\n<p><span style=\"font-weight: 400;\">*A fragr\u00e2ncia remete \u00e0 bamboo.<\/span><\/p>\n","protected":false},"excerpt":{"rendered":"<p><span style=\"font-weight: 400;\">O Difusor de Ambiente Purify Home foi desenvolvido para perfumar o ambiente de modo cont\u00ednuo e promover certo charme \u00e0 decora\u00e7\u00e3o, al\u00e9m de proporcionar agrad\u00e1vel sensa\u00e7\u00e3o de bem estar.<\/span><\/p>\n<p><span style=\"font-weight: 400;\">\u00c9 um aromatizador com varetas de madeira mergulhadas em uma fragr\u00e2ncia. As varetas funcionam como um condutor que transfere aroma ao ambiente ao longo do dia. Mant\u00e9m os c\u00f4modos da casa constantemente perfumados.<\/span><\/p>\n","protected":false},"featured_media":1587,"comment_status":"open","ping_status":"closed","template":"","meta":{"_monsterinsights_skip_tracking":false,"_monsterinsights_sitenote_active":false,"_monsterinsights_sitenote_note":"","_monsterinsights_sitenote_category":0},"product_brand":[],"product_cat":[36],"product_tag":[78],"class_list":{"0":"post-1260","1":"product","2":"type-product","3":"status-publish","4":"has-post-thumbnail","6":"product_cat-cosmeticos","7":"product_tag-difusor","9":"first","10":"instock","11":"taxable","12":"shipping-taxable","13":"purchasable","14":"product-type-simple"},"_links":{"self":[{"href":"https:\/\/clientehostix.com.br\/pharmacosmeticos\/wp-json\/wp\/v2\/product\/1260","targetHints":{"allow":["GET"]}}],"collection":[{"href":"https:\/\/clientehostix.com.br\/pharmacosmeticos\/wp-json\/wp\/v2\/product"}],"about":[{"href":"https:\/\/clientehostix.com.br\/pharmacosmeticos\/wp-json\/wp\/v2\/types\/product"}],"replies":[{"embeddable":true,"href":"https:\/\/clientehostix.com.br\/pharmacosmeticos\/wp-json\/wp\/v2\/comments?post=1260"}],"wp:featuredmedia":[{"embeddable":true,"href":"https:\/\/clientehostix.com.br\/pharmacosmeticos\/wp-json\/wp\/v2\/media\/1587"}],"wp:attachment":[{"href":"https:\/\/clientehostix.com.br\/pharmacosmeticos\/wp-json\/wp\/v2\/media?parent=1260"}],"wp:term":[{"taxonomy":"product_brand","embeddable":true,"href":"https:\/\/clientehostix.com.br\/pharmacosmeticos\/wp-json\/wp\/v2\/product_brand?post=1260"},{"taxonomy":"product_cat","embeddable":true,"href":"https:\/\/clientehostix.com.br\/pharmacosmeticos\/wp-json\/wp\/v2\/product_cat?post=1260"},{"taxonomy":"product_tag","embeddable":true,"href":"https:\/\/clientehostix.com.br\/pharmacosmeticos\/wp-json\/wp\/v2\/product_tag?post=1260"}],"curies":[{"name":"wp","href":"https:\/\/api.w.org\/{rel}","templated":true}]}}