{"id":1258,"date":"2025-11-17T11:45:30","date_gmt":"2025-11-17T14:45:30","guid":{"rendered":"https:\/\/clientehostix.com.br\/pharmacosmeticos\/?post_type=product&#038;p=1258"},"modified":"2025-12-17T15:06:33","modified_gmt":"2025-12-17T18:06:33","slug":"desodorante-para-os-pes-podoclean-por-maurelio-neto","status":"publish","type":"product","link":"https:\/\/clientehostix.com.br\/pharmacosmeticos\/produto\/desodorante-para-os-pes-podoclean-por-maurelio-neto\/","title":{"rendered":"DESODORANTE PARA OS P\u00c9S PODOCLEAN"},"content":{"rendered":"<p><b>VOLUME: <\/b><span style=\"font-weight: 400;\">120ml<\/span><\/p>\n<p><b>PESO L\u00cdQUIDO:<\/b><span style=\"font-weight: 400;\"> 120g\u00a0<\/span><\/p>\n<p><b>PESO BRUTO:<\/b><span style=\"font-weight: 400;\"> 150g<\/span><\/p>\n<p><b>PESO DA CAIXA (VAZIA): <\/b><span style=\"font-weight: 400;\">105g\u00a0<\/span><\/p>\n<p><b>MEDIDAS DA CAIXA: <\/b><span style=\"font-weight: 400;\">27cm (C) x 14cm (L) 10,5 cm (A)\u00a0<\/span><\/p>\n<p><span style=\"font-weight: 400;\">\u00a0<\/span><\/p>\n<p><b>BENEF\u00cdCIOS:<\/b><span style=\"font-weight: 400;\">\u00a0<\/span><\/p>\n<ul>\n<li style=\"font-weight: 400;\" aria-level=\"1\"><span style=\"font-weight: 400;\">Desodorante para os p\u00e9s<\/span><\/li>\n<li style=\"font-weight: 400;\" aria-level=\"1\"><span style=\"font-weight: 400;\">Refrescante e hidratante<\/span><\/li>\n<li style=\"font-weight: 400;\" aria-level=\"1\"><span style=\"font-weight: 400;\">Toque seco<\/span><\/li>\n<li style=\"font-weight: 400;\" aria-level=\"1\"><span style=\"font-weight: 400;\">Elimina odores<\/span><\/li>\n<li style=\"font-weight: 400;\" aria-level=\"1\"><span style=\"font-weight: 400;\">Neutraliza odores indesej\u00e1veis dos p\u00e9s e cal\u00e7ados<\/span><\/li>\n<\/ul>\n<p><b>COT\u00c9M:<\/b><span style=\"font-weight: 400;\">\u00a0<\/span><\/p>\n<ul>\n<li style=\"font-weight: 400;\" aria-level=\"1\"><span style=\"font-weight: 400;\">\u00d3leo Essencial de Melaleuca (Tea Tree)<\/span><\/li>\n<li style=\"font-weight: 400;\" aria-level=\"1\"><span style=\"font-weight: 400;\">\u00d3leo Essencial de Lavanda<\/span><\/li>\n<li style=\"font-weight: 400;\" aria-level=\"1\"><span style=\"font-weight: 400;\">\u00d3leo Essencial de Lemongrass<\/span><\/li>\n<li style=\"font-weight: 400;\" aria-level=\"1\"><span style=\"font-weight: 400;\">\u00d3leo Essencial de Alecrim<\/span><\/li>\n<\/ul>\n<p>&nbsp;<\/p>\n<p><b>PRA QUEM \u00c9 INDICADO:<\/b><span style=\"font-weight: 400;\"> Pessoas que procuram um produto com a\u00e7\u00e3o desodorante e hidratante para usar nos p\u00e9s e nos cal\u00e7ados.<\/span><\/p>\n<p><b>MODO DE USAR:<\/b><span style=\"font-weight: 400;\"> Borrifar sobre os p\u00e9s, entre os dedos e espalhe suavemente com as m\u00e3os at\u00e9 sentir o toque seco do produto. Borrifar sobre os cal\u00e7ados com odores indesej\u00e1veis antes de guard\u00e1-los. Use sempre que achar necess\u00e1rio.<\/span><\/p>\n<p><b>ADVERT\u00caNCIAS:<\/b><span style=\"font-weight: 400;\"> USO EXTERNO. N\u00e3o ingerir. Manter fora do alcance de crian\u00e7as. Evitar o contato do produto com os olhos e mucosas. Em caso de irrita\u00e7\u00e3o suspenda o uso e lave abundantemente com \u00e1gua. N\u00e3o usar se a pele estiver irritada ou lesionada. N\u00e3o utilizar em exposi\u00e7\u00e3o ao Sol. Evitar a exposi\u00e7\u00e3o do produto \u00e0 luz solar e varia\u00e7\u00f5es de temperatura.<\/span><\/p>\n<p><b>COMPOSI\u00c7\u00c3O:<\/b><span style=\"font-weight: 400;\"> ALCOHOL, AQUA, ISOPROPYL MYRISTATE, CITRUS LIMON FRUIT EXTRACT, COCETH-7 \/ PPG-1-PEG-9 LAURYL GLYCOL ETHER \/ PEG-40 HYDROGENATED CASTOR OIL \/ AQUA, ROSMARINUS OFFICINALIS LEAF EXTRACT, ALOE BARBADENSIS LEAF EXTRACT, PROPYLENE GLYCOL \/ ETHYLHEXYLGLYCERIN \/ OCTENIDINE HCL, SALVIA OFFICINALIS LEAF EXTRACT, ZINGIBER OFFICINALE EXTRACT, PARFUM (CITRAL, D-LIMONENE), SYMPHYTUM OFFICINALE LEAF EXTRACT, CYMBOPOGON FLEXUOSUS OIL, LAVANDULA ANGUSTIFOLIA OIL, MELALEUCA ALTERNIFOLIA LEAF OIL, MENTHA PIPERITA OIL, PHENOXYETHANOL \/ ETHYLHEXYLGLYCERIN, TRICLOSAN.<\/span><\/p>\n","protected":false},"excerpt":{"rendered":"<p><span style=\"font-weight: 400;\">Cuidar dos p\u00e9s \u00e9 essencial para o bem-estar no dia a dia, e o Podoclean foi desenvolvido com essa miss\u00e3o. Criado para o famoso pod\u00f3logo e youtuber Maur\u00e9lio Neto, este spray desodorante e hidratante combina tecnologia e ingredientes vegetais para eliminar odores e proporcionar conforto duradouro.<\/span><\/p>\n<p><span style=\"font-weight: 400;\">Sua f\u00f3rmula exclusiva \u00e9 rica em \u00f3leos essenciais e extratos vegetais. O \u00f3leo de melaleuca (tea tree) combate fungos e bact\u00e9rias causadoras do mau cheiro. A lavanda traz frescor e suavidade, enquanto o lemongrass e o alecrim ajudam a manter os p\u00e9s revitalizados, secos e perfumados ao longo do dia.<\/span><\/p>\n<p><span style=\"font-weight: 400;\">Al\u00e9m de desodorizar, o Podoclean hidrata a pele sem deixar res\u00edduos oleosos, proporcionando um toque seco imediato, ideal para quem passa muitas horas com os p\u00e9s fechados ou usa cal\u00e7ados esportivos.<\/span><\/p>\n<p><span style=\"font-weight: 400;\">Perfeito para o uso di\u00e1rio, \u00e9 indicado tanto para os p\u00e9s quanto para aplicar diretamente nos cal\u00e7ados com odores indesej\u00e1veis.<\/span><\/p>\n","protected":false},"featured_media":1592,"comment_status":"open","ping_status":"closed","template":"","meta":{"_monsterinsights_skip_tracking":false,"_monsterinsights_sitenote_active":false,"_monsterinsights_sitenote_note":"","_monsterinsights_sitenote_category":0},"product_brand":[],"product_cat":[46,47,37],"product_tag":[98],"class_list":{"0":"post-1258","1":"product","2":"type-product","3":"status-publish","4":"has-post-thumbnail","6":"product_cat-protecao","7":"product_cat-tratamento","8":"product_cat-cuidados-diario","9":"product_tag-desodorante-para-os-pes","11":"first","12":"instock","13":"taxable","14":"shipping-taxable","15":"purchasable","16":"product-type-simple"},"_links":{"self":[{"href":"https:\/\/clientehostix.com.br\/pharmacosmeticos\/wp-json\/wp\/v2\/product\/1258","targetHints":{"allow":["GET"]}}],"collection":[{"href":"https:\/\/clientehostix.com.br\/pharmacosmeticos\/wp-json\/wp\/v2\/product"}],"about":[{"href":"https:\/\/clientehostix.com.br\/pharmacosmeticos\/wp-json\/wp\/v2\/types\/product"}],"replies":[{"embeddable":true,"href":"https:\/\/clientehostix.com.br\/pharmacosmeticos\/wp-json\/wp\/v2\/comments?post=1258"}],"wp:featuredmedia":[{"embeddable":true,"href":"https:\/\/clientehostix.com.br\/pharmacosmeticos\/wp-json\/wp\/v2\/media\/1592"}],"wp:attachment":[{"href":"https:\/\/clientehostix.com.br\/pharmacosmeticos\/wp-json\/wp\/v2\/media?parent=1258"}],"wp:term":[{"taxonomy":"product_brand","embeddable":true,"href":"https:\/\/clientehostix.com.br\/pharmacosmeticos\/wp-json\/wp\/v2\/product_brand?post=1258"},{"taxonomy":"product_cat","embeddable":true,"href":"https:\/\/clientehostix.com.br\/pharmacosmeticos\/wp-json\/wp\/v2\/product_cat?post=1258"},{"taxonomy":"product_tag","embeddable":true,"href":"https:\/\/clientehostix.com.br\/pharmacosmeticos\/wp-json\/wp\/v2\/product_tag?post=1258"}],"curies":[{"name":"wp","href":"https:\/\/api.w.org\/{rel}","templated":true}]}}