{"id":1246,"date":"2025-11-17T09:32:41","date_gmt":"2025-11-17T12:32:41","guid":{"rendered":"https:\/\/clientehostix.com.br\/pharmacosmeticos\/?post_type=product&#038;p=1246"},"modified":"2025-12-17T15:10:19","modified_gmt":"2025-12-17T18:10:19","slug":"condicionador-banho-kids-neutro","status":"publish","type":"product","link":"https:\/\/clientehostix.com.br\/pharmacosmeticos\/produto\/condicionador-banho-kids-neutro\/","title":{"rendered":"CONDICIONADOR BANHO KIDS NEUTRO"},"content":{"rendered":"<p><b>VOLUME:<\/b><span style=\"font-weight: 400;\"> 250ml\u00a0<\/span><\/p>\n<p><b>PESO L\u00cdQUIDO:<\/b><span style=\"font-weight: 400;\"> 250g 235g<\/span><\/p>\n<p><b>PESO BRUTO:<\/b><span style=\"font-weight: 400;\"> 280g 265g<\/span><\/p>\n<p><b>PESO DA CAIXA (VAZIA): <\/b><span style=\"font-weight: 400;\">105g\u00a0<\/span><\/p>\n<p><b>MEDIDAS DA CAIXA: <\/b><span style=\"font-weight: 400;\">27cm (C) x 14cm (L) 10,5 cm (A)\u00a0<\/span><\/p>\n<p>&nbsp;<\/p>\n<p><b>PRA QUEM \u00c9 INDICADO:<\/b><span style=\"font-weight: 400;\"> Crian\u00e7as.\u00a0<\/span><\/p>\n<p><b>MODO DE USAR:<\/b> <span style=\"font-weight: 400;\">Durante o banho da crian\u00e7a, depois de usar o Shampoo Banho Kids, aplique o condicionador nos cabelos molhados, massageando-os suavemente. Deixe agir por alguns instantes e, em seguida, enx\u00e1gue bem.<\/span><\/p>\n<p>&nbsp;<\/p>\n<p><b>ADVERT\u00caNCIAS: <\/b><span style=\"font-weight: 400;\">Deve ser aplicado por adulto ou sob sua super- vis\u00e3o. N\u00e3o usar se o couro cabeludo estiver ferido ou irritado. Em caso de irrita\u00e7\u00e3o, suspender o uso e procurar um m\u00e9dico. Evitar contato com os olhos. Caso o produto entre em contato com os olhos, lavar com \u00e1gua corrente em abund\u00e2ncia e procu- rar um m\u00e9dico. Manter fora do alcance das crian\u00e7as.Uso externo.<\/span><\/p>\n<p><b>COMPOSI\u00c7\u00c3O: <\/b><span style=\"font-weight: 400;\">AQUA, CETEARYL ALCOHOL, QUATERNIUM-87, C12-15 ALKYL BENZOATE, GLYCERIN, PEG-7 GLYCERYL COCOATE, CETERETH-20, PARFUM, EDTA, TRIETHANOLAMINE, BHT, METHYLCHLOROISOTHIAZOLINONE \/ METHYLISOTHIAZOLINONE.<\/span><\/p>\n","protected":false},"excerpt":{"rendered":"<p><span style=\"font-weight: 400;\">O Condicionador Banho Kids Pharma \u00e9 dermatologicamente testado e foi desenvolvido para desembara\u00e7ar e deixar os cabelos da crian\u00e7a mais macios e cheirosos.<\/span><\/p>\n","protected":false},"featured_media":1617,"comment_status":"open","ping_status":"closed","template":"","meta":{"_monsterinsights_skip_tracking":false,"_monsterinsights_sitenote_active":false,"_monsterinsights_sitenote_note":"","_monsterinsights_sitenote_category":0},"product_brand":[],"product_cat":[41,32],"product_tag":[76],"class_list":{"0":"post-1246","1":"product","2":"type-product","3":"status-publish","4":"has-post-thumbnail","6":"product_cat-cabelos","7":"product_cat-kids","8":"product_tag-condicionador","10":"first","11":"instock","12":"taxable","13":"shipping-taxable","14":"purchasable","15":"product-type-simple"},"_links":{"self":[{"href":"https:\/\/clientehostix.com.br\/pharmacosmeticos\/wp-json\/wp\/v2\/product\/1246","targetHints":{"allow":["GET"]}}],"collection":[{"href":"https:\/\/clientehostix.com.br\/pharmacosmeticos\/wp-json\/wp\/v2\/product"}],"about":[{"href":"https:\/\/clientehostix.com.br\/pharmacosmeticos\/wp-json\/wp\/v2\/types\/product"}],"replies":[{"embeddable":true,"href":"https:\/\/clientehostix.com.br\/pharmacosmeticos\/wp-json\/wp\/v2\/comments?post=1246"}],"wp:featuredmedia":[{"embeddable":true,"href":"https:\/\/clientehostix.com.br\/pharmacosmeticos\/wp-json\/wp\/v2\/media\/1617"}],"wp:attachment":[{"href":"https:\/\/clientehostix.com.br\/pharmacosmeticos\/wp-json\/wp\/v2\/media?parent=1246"}],"wp:term":[{"taxonomy":"product_brand","embeddable":true,"href":"https:\/\/clientehostix.com.br\/pharmacosmeticos\/wp-json\/wp\/v2\/product_brand?post=1246"},{"taxonomy":"product_cat","embeddable":true,"href":"https:\/\/clientehostix.com.br\/pharmacosmeticos\/wp-json\/wp\/v2\/product_cat?post=1246"},{"taxonomy":"product_tag","embeddable":true,"href":"https:\/\/clientehostix.com.br\/pharmacosmeticos\/wp-json\/wp\/v2\/product_tag?post=1246"}],"curies":[{"name":"wp","href":"https:\/\/api.w.org\/{rel}","templated":true}]}}