{"id":584,"date":"2022-09-08T10:26:29","date_gmt":"2022-09-08T10:26:29","guid":{"rendered":"https:\/\/themexriver.com\/wp\/radios\/?page_id=584"},"modified":"2025-12-03T11:08:44","modified_gmt":"2025-12-03T14:08:44","slug":"sobre","status":"publish","type":"page","link":"https:\/\/clientehostix.com.br\/pharmacosmeticos\/sobre\/","title":{"rendered":"Sobre"},"content":{"rendered":"\t\t<div data-elementor-type=\"wp-page\" data-elementor-id=\"584\" class=\"elementor elementor-584\" data-elementor-post-type=\"page\">\n\t\t\t\t\t\t<section class=\"elementor-section elementor-top-section elementor-element elementor-element-f0038b0 elementor-section-full_width elementor-section-height-default elementor-section-height-default\" data-id=\"f0038b0\" data-element_type=\"section\" data-e-type=\"section\">\n\t\t\t\t\t\t<div class=\"elementor-container elementor-column-gap-no\">\n\t\t\t\t\t<div class=\"elementor-column elementor-col-100 elementor-top-column elementor-element elementor-element-c609b6d\" data-id=\"c609b6d\" data-element_type=\"column\" data-e-type=\"column\">\n\t\t\t<div class=\"elementor-widget-wrap elementor-element-populated\">\n\t\t\t\t\t\t<div class=\"elementor-element elementor-element-40fe474 elementor-widget-divider--view-line elementor-widget elementor-widget-divider\" data-id=\"40fe474\" data-element_type=\"widget\" data-e-type=\"widget\" data-widget_type=\"divider.default\">\n\t\t\t\t\t\t\t<div class=\"elementor-divider\">\n\t\t\t<span class=\"elementor-divider-separator\">\n\t\t\t\t\t\t<\/span>\n\t\t<\/div>\n\t\t\t\t\t\t<\/div>\n\t\t\t\t\t<\/div>\n\t\t<\/div>\n\t\t\t\t\t<\/div>\n\t\t<\/section>\n\t\t\t\t<section class=\"elementor-section elementor-top-section elementor-element elementor-element-733f3c8 elementor-section-content-middle elementor-section-boxed elementor-section-height-default elementor-section-height-default\" data-id=\"733f3c8\" data-element_type=\"section\" data-e-type=\"section\">\n\t\t\t\t\t\t<div class=\"elementor-container elementor-column-gap-no\">\n\t\t\t\t\t<div class=\"elementor-column elementor-col-50 elementor-top-column elementor-element elementor-element-06ab1e4\" data-id=\"06ab1e4\" data-element_type=\"column\" data-e-type=\"column\">\n\t\t\t<div class=\"elementor-widget-wrap elementor-element-populated\">\n\t\t\t\t\t\t<div class=\"elementor-element elementor-element-a80251b elementor-widget elementor-widget-image\" data-id=\"a80251b\" data-element_type=\"widget\" data-e-type=\"widget\" data-widget_type=\"image.default\">\n\t\t\t\t\t\t\t\t\t\t\t\t\t\t\t<img fetchpriority=\"high\" decoding=\"async\" width=\"768\" height=\"512\" src=\"https:\/\/clientehostix.com.br\/pharmacosmeticos\/wp-content\/uploads\/2025\/12\/MG_3489-768x512-1.jpg\" class=\"attachment-full size-full wp-image-1727\" alt=\"\" srcset=\"https:\/\/clientehostix.com.br\/pharmacosmeticos\/wp-content\/uploads\/2025\/12\/MG_3489-768x512-1.jpg 768w, https:\/\/clientehostix.com.br\/pharmacosmeticos\/wp-content\/uploads\/2025\/12\/MG_3489-768x512-1-300x200.jpg 300w, https:\/\/clientehostix.com.br\/pharmacosmeticos\/wp-content\/uploads\/2025\/12\/MG_3489-768x512-1-600x400.jpg 600w\" sizes=\"(max-width: 768px) 100vw, 768px\" \/>\t\t\t\t\t\t\t\t\t\t\t\t\t\t\t<\/div>\n\t\t\t\t\t<\/div>\n\t\t<\/div>\n\t\t\t\t<div class=\"elementor-column elementor-col-50 elementor-top-column elementor-element elementor-element-0494415\" data-id=\"0494415\" data-element_type=\"column\" data-e-type=\"column\">\n\t\t\t<div class=\"elementor-widget-wrap elementor-element-populated\">\n\t\t\t\t\t\t<div class=\"elementor-element elementor-element-7116f7b elementor-widget elementor-widget-heading\" data-id=\"7116f7b\" data-element_type=\"widget\" data-e-type=\"widget\" data-widget_type=\"heading.default\">\n\t\t\t\t\t<h2 class=\"elementor-heading-title elementor-size-default\">SOBRE N\u00d3S<\/h2>\t\t\t\t<\/div>\n\t\t\t\t<div class=\"elementor-element elementor-element-39ecb69 elementor-widget elementor-widget-heading\" data-id=\"39ecb69\" data-element_type=\"widget\" data-e-type=\"widget\" data-widget_type=\"heading.default\">\n\t\t\t\t\t<p class=\"elementor-heading-title elementor-size-default\">A Pharma Cosm\u00e9ticos atua no mercado de cosm\u00e9ticos desde 1991 e come\u00e7ou com uma f\u00e1brica pequena de cosm\u00e9ticos S\u00e3o pelos irm\u00e3os Celso e Maur\u00edcio Rossi na cidade de Capivari, interior de Paulo.\n<br><br>\nCom uma produ\u00e7\u00e3o inicial de 100 vidros por m\u00eas em seis de perfumes diferentes, a Pharma que antes era chamada de Pharmatura, j\u00e1 sabia o que ansiava e, principalmente j\u00e1 tinha a percep\u00e7\u00e3o do que as pessoas procuravam em seus cosm\u00e9ticos.\n<br><br>\nEm sete meses, a produ\u00e7\u00e3o aumentou para 300L mensais em 20 tipos de fragr\u00e2ncias e iniciou-se um completo processo de pesquisas t\u00e9cnicas e de fragr\u00e2ncias para aprimorar e melhorar ainda mais os produtos Pharma.\n\n\nEm outubro de 1991, a Pharma firmou forte parceria com uma importante empresa de S\u00e3o Paulo que vendia as linhas Gold Green e Cigana.\n<br><br>\nA Pharma agradou e progrediu, e em pouco tempo a qualidade dos seus cosm\u00e9ticos se estabelecia lado a lado com as marcas conhecidas no mercado.\n\nHoje a Pharma \u00e9 excel\u00eancia em qualidade e garantia de satisfa\u00e7\u00e3o, e se mant\u00e9m em grande expans\u00e3o.<\/p>\t\t\t\t<\/div>\n\t\t\t\t\t<\/div>\n\t\t<\/div>\n\t\t\t\t\t<\/div>\n\t\t<\/section>\n\t\t<div class=\"elementor-element elementor-element-48bfeec e-flex e-con-boxed e-con e-parent\" data-id=\"48bfeec\" data-element_type=\"container\" data-e-type=\"container\">\n\t\t\t\t\t<div class=\"e-con-inner\">\n\t\t\t\t<div class=\"elementor-element elementor-element-794324c elementor-widget-divider--view-line elementor-widget elementor-widget-divider\" data-id=\"794324c\" data-element_type=\"widget\" data-e-type=\"widget\" data-widget_type=\"divider.default\">\n\t\t\t\t\t\t\t<div class=\"elementor-divider\">\n\t\t\t<span class=\"elementor-divider-separator\">\n\t\t\t\t\t\t<\/span>\n\t\t<\/div>\n\t\t\t\t\t\t<\/div>\n\t\t\t\t\t<\/div>\n\t\t\t\t<\/div>\n\t\t\t\t<\/div>\n\t\t","protected":false},"excerpt":{"rendered":"<p>SOBRE N\u00d3S A Pharma Cosm\u00e9ticos atua no mercado de cosm\u00e9ticos desde 1991 e come\u00e7ou com uma f\u00e1brica pequena de cosm\u00e9ticos S\u00e3o pelos irm\u00e3os Celso e Maur\u00edcio Rossi na cidade de Capivari, interior de Paulo. Com uma produ\u00e7\u00e3o inicial de 100 vidros por m\u00eas em seis de perfumes diferentes, a Pharma que antes era chamada de [&hellip;]<\/p>\n","protected":false},"author":1,"featured_media":0,"parent":0,"menu_order":0,"comment_status":"closed","ping_status":"closed","template":"radios-template.php","meta":{"_monsterinsights_skip_tracking":false,"_monsterinsights_sitenote_active":false,"_monsterinsights_sitenote_note":"","_monsterinsights_sitenote_category":0,"footnotes":""},"class_list":["post-584","page","type-page","status-publish","hentry"],"_links":{"self":[{"href":"https:\/\/clientehostix.com.br\/pharmacosmeticos\/wp-json\/wp\/v2\/pages\/584","targetHints":{"allow":["GET"]}}],"collection":[{"href":"https:\/\/clientehostix.com.br\/pharmacosmeticos\/wp-json\/wp\/v2\/pages"}],"about":[{"href":"https:\/\/clientehostix.com.br\/pharmacosmeticos\/wp-json\/wp\/v2\/types\/page"}],"author":[{"embeddable":true,"href":"https:\/\/clientehostix.com.br\/pharmacosmeticos\/wp-json\/wp\/v2\/users\/1"}],"replies":[{"embeddable":true,"href":"https:\/\/clientehostix.com.br\/pharmacosmeticos\/wp-json\/wp\/v2\/comments?post=584"}],"version-history":[{"count":8,"href":"https:\/\/clientehostix.com.br\/pharmacosmeticos\/wp-json\/wp\/v2\/pages\/584\/revisions"}],"predecessor-version":[{"id":1734,"href":"https:\/\/clientehostix.com.br\/pharmacosmeticos\/wp-json\/wp\/v2\/pages\/584\/revisions\/1734"}],"wp:attachment":[{"href":"https:\/\/clientehostix.com.br\/pharmacosmeticos\/wp-json\/wp\/v2\/media?parent=584"}],"curies":[{"name":"wp","href":"https:\/\/api.w.org\/{rel}","templated":true}]}}