{"id":571,"date":"2025-06-26T17:08:54","date_gmt":"2025-06-26T20:08:54","guid":{"rendered":"https:\/\/clientehostix.com.br\/gru_compressores\/?post_type=product&#038;p=571"},"modified":"2025-06-30T09:46:01","modified_gmt":"2025-06-30T12:46:01","slug":"filtros-coalescentes-baixa-pressao","status":"publish","type":"product","link":"https:\/\/clientehostix.com.br\/gru_compressores\/produto\/filtros-coalescentes-baixa-pressao\/","title":{"rendered":"Filtros Coalescentes &#8211; Baixa Press\u00e3o"},"content":{"rendered":"<p><b>Prote\u00e7\u00e3o, efici\u00eancia e qualidade no tratamento de ar comprimido.<\/b><\/p>\n<p><span style=\"font-weight: 400;\">Os <\/span><b>Filtros de Linha de Baixa Press\u00e3o Schulz<\/b><span style=\"font-weight: 400;\">, com capacidade de opera\u00e7\u00e3o at\u00e9 <\/span><b>16 bar<\/b><span style=\"font-weight: 400;\">, s\u00e3o essenciais para garantir a <\/span><b>pureza do ar comprimido<\/b><span style=\"font-weight: 400;\"> em qualquer sistema industrial. Dispon\u00edveis nas vers\u00f5es <\/span><b>coalescentes (1 e 0,01 m\u00edcron)<\/b><span style=\"font-weight: 400;\"> e <\/span><b>adsorventes de carv\u00e3o ativado<\/b><span style=\"font-weight: 400;\">, s\u00e3o recomendados para uso em conjunto com <\/span><b>secadores de ar<\/b><span style=\"font-weight: 400;\">.<\/span><\/p>\n<p><span style=\"font-weight: 400;\">Benef\u00edcios principais:<\/span><span style=\"font-weight: 400;\"><br \/>\n<\/span><span style=\"font-weight: 400;\"> \u2714\ufe0f <\/span><b>Remo\u00e7\u00e3o eficiente de contaminantes<\/b><span style=\"font-weight: 400;\"> (part\u00edculas s\u00f3lidas, \u00e1gua e \u00f3leo)<\/span><span style=\"font-weight: 400;\"><br \/>\n<\/span><span style=\"font-weight: 400;\"> \u2714\ufe0f <\/span><b>Redu\u00e7\u00e3o de custos operacionais e de manuten\u00e7\u00e3o<\/b><b><br \/>\n<\/b><span style=\"font-weight: 400;\"> \u2714\ufe0f <\/span><b>Menor desperd\u00edcio e menor consumo de energia<\/b><b><br \/>\n<\/b><span style=\"font-weight: 400;\"> \u2714\ufe0f <\/span><b>Maior vida \u00fatil dos equipamentos da rede de ar comprimido<\/b><\/p>\n<p><span style=\"font-weight: 400;\">Escolha o modelo ideal para a sua aplica\u00e7\u00e3o e garanta <\/span><b>efici\u00eancia e seguran\u00e7a<\/b><span style=\"font-weight: 400;\"> no seu sistema de ar<\/span><span style=\"font-weight: 400;\">.<\/span><\/p>\n","protected":false},"excerpt":{"rendered":"<p>Prote\u00e7\u00e3o, efici\u00eancia e qualidade no tratamento de ar comprimido. Os Filtros de Linha de Baixa Press\u00e3o Schulz, com capacidade de opera\u00e7\u00e3o at\u00e9 16 bar, s\u00e3o essenciais para garantir a pureza do ar comprimido em qualquer sistema industrial. Dispon\u00edveis nas vers\u00f5es coalescentes (1 e 0,01 m\u00edcron) e adsorventes de carv\u00e3o ativado, s\u00e3o recomendados para uso em [&hellip;]<\/p>\n","protected":false},"featured_media":623,"comment_status":"open","ping_status":"closed","template":"","meta":[],"product_brand":[],"product_cat":[21],"product_tag":[],"class_list":{"0":"post-571","1":"product","2":"type-product","3":"status-publish","4":"has-post-thumbnail","6":"product_cat-sem-categoria","8":"first","9":"instock","10":"shipping-taxable","11":"product-type-simple"},"yoast_head":"<!-- This site is optimized with the Yoast SEO plugin v27.3 - https:\/\/yoast.com\/product\/yoast-seo-wordpress\/ -->\n<title>Filtros Coalescentes - Baixa Press\u00e3o - Site Gru Compressores<\/title>\n<meta name=\"robots\" content=\"index, follow, max-snippet:-1, max-image-preview:large, max-video-preview:-1\" \/>\n<link rel=\"canonical\" href=\"https:\/\/clientehostix.com.br\/gru_compressores\/produto\/filtros-coalescentes-baixa-pressao\/\" \/>\n<meta property=\"og:locale\" content=\"pt_BR\" \/>\n<meta property=\"og:type\" content=\"article\" \/>\n<meta property=\"og:title\" content=\"Filtros Coalescentes - Baixa Press\u00e3o - Site Gru Compressores\" \/>\n<meta property=\"og:description\" content=\"Prote\u00e7\u00e3o, efici\u00eancia e qualidade no tratamento de ar comprimido. Os Filtros de Linha de Baixa Press\u00e3o Schulz, com capacidade de opera\u00e7\u00e3o at\u00e9 16 bar, s\u00e3o essenciais para garantir a pureza do ar comprimido em qualquer sistema industrial. Dispon\u00edveis nas vers\u00f5es coalescentes (1 e 0,01 m\u00edcron) e adsorventes de carv\u00e3o ativado, s\u00e3o recomendados para uso em [&hellip;]\" \/>\n<meta property=\"og:url\" content=\"https:\/\/clientehostix.com.br\/gru_compressores\/produto\/filtros-coalescentes-baixa-pressao\/\" \/>\n<meta property=\"og:site_name\" content=\"Site Gru Compressores\" \/>\n<meta property=\"article:modified_time\" content=\"2025-06-30T12:46:01+00:00\" \/>\n<meta property=\"og:image\" content=\"https:\/\/clientehostix.com.br\/gru_compressores\/wp-content\/uploads\/2025\/06\/ChatGPT-Image-30-de-jun.-de-2025-09_44_49.jpg\" \/>\n\t<meta property=\"og:image:width\" content=\"1024\" \/>\n\t<meta property=\"og:image:height\" content=\"1024\" \/>\n\t<meta property=\"og:image:type\" content=\"image\/jpeg\" \/>\n<meta name=\"twitter:card\" content=\"summary_large_image\" \/>\n<meta name=\"twitter:label1\" content=\"Est. tempo de leitura\" \/>\n\t<meta name=\"twitter:data1\" content=\"1 minuto\" \/>\n<script type=\"application\/ld+json\" class=\"yoast-schema-graph\">{\"@context\":\"https:\\\/\\\/schema.org\",\"@graph\":[{\"@type\":\"WebPage\",\"@id\":\"https:\\\/\\\/clientehostix.com.br\\\/gru_compressores\\\/produto\\\/filtros-coalescentes-baixa-pressao\\\/\",\"url\":\"https:\\\/\\\/clientehostix.com.br\\\/gru_compressores\\\/produto\\\/filtros-coalescentes-baixa-pressao\\\/\",\"name\":\"Filtros Coalescentes - Baixa Press\u00e3o - Site Gru Compressores\",\"isPartOf\":{\"@id\":\"https:\\\/\\\/clientehostix.com.br\\\/gru_compressores\\\/#website\"},\"primaryImageOfPage\":{\"@id\":\"https:\\\/\\\/clientehostix.com.br\\\/gru_compressores\\\/produto\\\/filtros-coalescentes-baixa-pressao\\\/#primaryimage\"},\"image\":{\"@id\":\"https:\\\/\\\/clientehostix.com.br\\\/gru_compressores\\\/produto\\\/filtros-coalescentes-baixa-pressao\\\/#primaryimage\"},\"thumbnailUrl\":\"https:\\\/\\\/clientehostix.com.br\\\/gru_compressores\\\/wp-content\\\/uploads\\\/2025\\\/06\\\/ChatGPT-Image-30-de-jun.-de-2025-09_44_49.jpg\",\"datePublished\":\"2025-06-26T20:08:54+00:00\",\"dateModified\":\"2025-06-30T12:46:01+00:00\",\"breadcrumb\":{\"@id\":\"https:\\\/\\\/clientehostix.com.br\\\/gru_compressores\\\/produto\\\/filtros-coalescentes-baixa-pressao\\\/#breadcrumb\"},\"inLanguage\":\"pt-BR\",\"potentialAction\":[{\"@type\":\"ReadAction\",\"target\":[\"https:\\\/\\\/clientehostix.com.br\\\/gru_compressores\\\/produto\\\/filtros-coalescentes-baixa-pressao\\\/\"]}]},{\"@type\":\"ImageObject\",\"inLanguage\":\"pt-BR\",\"@id\":\"https:\\\/\\\/clientehostix.com.br\\\/gru_compressores\\\/produto\\\/filtros-coalescentes-baixa-pressao\\\/#primaryimage\",\"url\":\"https:\\\/\\\/clientehostix.com.br\\\/gru_compressores\\\/wp-content\\\/uploads\\\/2025\\\/06\\\/ChatGPT-Image-30-de-jun.-de-2025-09_44_49.jpg\",\"contentUrl\":\"https:\\\/\\\/clientehostix.com.br\\\/gru_compressores\\\/wp-content\\\/uploads\\\/2025\\\/06\\\/ChatGPT-Image-30-de-jun.-de-2025-09_44_49.jpg\",\"width\":1024,\"height\":1024},{\"@type\":\"BreadcrumbList\",\"@id\":\"https:\\\/\\\/clientehostix.com.br\\\/gru_compressores\\\/produto\\\/filtros-coalescentes-baixa-pressao\\\/#breadcrumb\",\"itemListElement\":[{\"@type\":\"ListItem\",\"position\":1,\"name\":\"In\u00edcio\",\"item\":\"https:\\\/\\\/clientehostix.com.br\\\/gru_compressores\\\/\"},{\"@type\":\"ListItem\",\"position\":2,\"name\":\"Produtos\",\"item\":\"https:\\\/\\\/clientehostix.com.br\\\/gru_compressores\\\/shop\\\/\"},{\"@type\":\"ListItem\",\"position\":3,\"name\":\"Filtros Coalescentes &#8211; Baixa Press\u00e3o\"}]},{\"@type\":\"WebSite\",\"@id\":\"https:\\\/\\\/clientehostix.com.br\\\/gru_compressores\\\/#website\",\"url\":\"https:\\\/\\\/clientehostix.com.br\\\/gru_compressores\\\/\",\"name\":\"Site Gru Compressores\",\"description\":\"\",\"potentialAction\":[{\"@type\":\"SearchAction\",\"target\":{\"@type\":\"EntryPoint\",\"urlTemplate\":\"https:\\\/\\\/clientehostix.com.br\\\/gru_compressores\\\/?s={search_term_string}\"},\"query-input\":{\"@type\":\"PropertyValueSpecification\",\"valueRequired\":true,\"valueName\":\"search_term_string\"}}],\"inLanguage\":\"pt-BR\"}]}<\/script>\n<!-- \/ Yoast SEO plugin. -->","yoast_head_json":{"title":"Filtros Coalescentes - Baixa Press\u00e3o - Site Gru Compressores","robots":{"index":"index","follow":"follow","max-snippet":"max-snippet:-1","max-image-preview":"max-image-preview:large","max-video-preview":"max-video-preview:-1"},"canonical":"https:\/\/clientehostix.com.br\/gru_compressores\/produto\/filtros-coalescentes-baixa-pressao\/","og_locale":"pt_BR","og_type":"article","og_title":"Filtros Coalescentes - Baixa Press\u00e3o - Site Gru Compressores","og_description":"Prote\u00e7\u00e3o, efici\u00eancia e qualidade no tratamento de ar comprimido. Os Filtros de Linha de Baixa Press\u00e3o Schulz, com capacidade de opera\u00e7\u00e3o at\u00e9 16 bar, s\u00e3o essenciais para garantir a pureza do ar comprimido em qualquer sistema industrial. Dispon\u00edveis nas vers\u00f5es coalescentes (1 e 0,01 m\u00edcron) e adsorventes de carv\u00e3o ativado, s\u00e3o recomendados para uso em [&hellip;]","og_url":"https:\/\/clientehostix.com.br\/gru_compressores\/produto\/filtros-coalescentes-baixa-pressao\/","og_site_name":"Site Gru Compressores","article_modified_time":"2025-06-30T12:46:01+00:00","og_image":[{"width":1024,"height":1024,"url":"https:\/\/clientehostix.com.br\/gru_compressores\/wp-content\/uploads\/2025\/06\/ChatGPT-Image-30-de-jun.-de-2025-09_44_49.jpg","type":"image\/jpeg"}],"twitter_card":"summary_large_image","twitter_misc":{"Est. tempo de leitura":"1 minuto"},"schema":{"@context":"https:\/\/schema.org","@graph":[{"@type":"WebPage","@id":"https:\/\/clientehostix.com.br\/gru_compressores\/produto\/filtros-coalescentes-baixa-pressao\/","url":"https:\/\/clientehostix.com.br\/gru_compressores\/produto\/filtros-coalescentes-baixa-pressao\/","name":"Filtros Coalescentes - Baixa Press\u00e3o - Site Gru Compressores","isPartOf":{"@id":"https:\/\/clientehostix.com.br\/gru_compressores\/#website"},"primaryImageOfPage":{"@id":"https:\/\/clientehostix.com.br\/gru_compressores\/produto\/filtros-coalescentes-baixa-pressao\/#primaryimage"},"image":{"@id":"https:\/\/clientehostix.com.br\/gru_compressores\/produto\/filtros-coalescentes-baixa-pressao\/#primaryimage"},"thumbnailUrl":"https:\/\/clientehostix.com.br\/gru_compressores\/wp-content\/uploads\/2025\/06\/ChatGPT-Image-30-de-jun.-de-2025-09_44_49.jpg","datePublished":"2025-06-26T20:08:54+00:00","dateModified":"2025-06-30T12:46:01+00:00","breadcrumb":{"@id":"https:\/\/clientehostix.com.br\/gru_compressores\/produto\/filtros-coalescentes-baixa-pressao\/#breadcrumb"},"inLanguage":"pt-BR","potentialAction":[{"@type":"ReadAction","target":["https:\/\/clientehostix.com.br\/gru_compressores\/produto\/filtros-coalescentes-baixa-pressao\/"]}]},{"@type":"ImageObject","inLanguage":"pt-BR","@id":"https:\/\/clientehostix.com.br\/gru_compressores\/produto\/filtros-coalescentes-baixa-pressao\/#primaryimage","url":"https:\/\/clientehostix.com.br\/gru_compressores\/wp-content\/uploads\/2025\/06\/ChatGPT-Image-30-de-jun.-de-2025-09_44_49.jpg","contentUrl":"https:\/\/clientehostix.com.br\/gru_compressores\/wp-content\/uploads\/2025\/06\/ChatGPT-Image-30-de-jun.-de-2025-09_44_49.jpg","width":1024,"height":1024},{"@type":"BreadcrumbList","@id":"https:\/\/clientehostix.com.br\/gru_compressores\/produto\/filtros-coalescentes-baixa-pressao\/#breadcrumb","itemListElement":[{"@type":"ListItem","position":1,"name":"In\u00edcio","item":"https:\/\/clientehostix.com.br\/gru_compressores\/"},{"@type":"ListItem","position":2,"name":"Produtos","item":"https:\/\/clientehostix.com.br\/gru_compressores\/shop\/"},{"@type":"ListItem","position":3,"name":"Filtros Coalescentes &#8211; Baixa Press\u00e3o"}]},{"@type":"WebSite","@id":"https:\/\/clientehostix.com.br\/gru_compressores\/#website","url":"https:\/\/clientehostix.com.br\/gru_compressores\/","name":"Site Gru Compressores","description":"","potentialAction":[{"@type":"SearchAction","target":{"@type":"EntryPoint","urlTemplate":"https:\/\/clientehostix.com.br\/gru_compressores\/?s={search_term_string}"},"query-input":{"@type":"PropertyValueSpecification","valueRequired":true,"valueName":"search_term_string"}}],"inLanguage":"pt-BR"}]}},"_links":{"self":[{"href":"https:\/\/clientehostix.com.br\/gru_compressores\/wp-json\/wp\/v2\/product\/571","targetHints":{"allow":["GET"]}}],"collection":[{"href":"https:\/\/clientehostix.com.br\/gru_compressores\/wp-json\/wp\/v2\/product"}],"about":[{"href":"https:\/\/clientehostix.com.br\/gru_compressores\/wp-json\/wp\/v2\/types\/product"}],"replies":[{"embeddable":true,"href":"https:\/\/clientehostix.com.br\/gru_compressores\/wp-json\/wp\/v2\/comments?post=571"}],"wp:featuredmedia":[{"embeddable":true,"href":"https:\/\/clientehostix.com.br\/gru_compressores\/wp-json\/wp\/v2\/media\/623"}],"wp:attachment":[{"href":"https:\/\/clientehostix.com.br\/gru_compressores\/wp-json\/wp\/v2\/media?parent=571"}],"wp:term":[{"taxonomy":"product_brand","embeddable":true,"href":"https:\/\/clientehostix.com.br\/gru_compressores\/wp-json\/wp\/v2\/product_brand?post=571"},{"taxonomy":"product_cat","embeddable":true,"href":"https:\/\/clientehostix.com.br\/gru_compressores\/wp-json\/wp\/v2\/product_cat?post=571"},{"taxonomy":"product_tag","embeddable":true,"href":"https:\/\/clientehostix.com.br\/gru_compressores\/wp-json\/wp\/v2\/product_tag?post=571"}],"curies":[{"name":"wp","href":"https:\/\/api.w.org\/{rel}","templated":true}]}}