{"id":378,"date":"2025-06-18T16:47:30","date_gmt":"2025-06-18T19:47:30","guid":{"rendered":"https:\/\/clientehostix.com.br\/gru_compressores\/?post_type=product&#038;p=378"},"modified":"2025-06-26T17:00:40","modified_gmt":"2025-06-26T20:00:40","slug":"compressor-de-parafuso-linha-4000-flex-oil-free","status":"publish","type":"product","link":"https:\/\/clientehostix.com.br\/gru_compressores\/produto\/compressor-de-parafuso-linha-4000-flex-oil-free\/","title":{"rendered":"Compressor de parafuso Linha 4000 FLEX OIL FREE"},"content":{"rendered":"<p><b>Ar 100% isento de \u00f3leo, com seguran\u00e7a e efici\u00eancia para aplica\u00e7\u00f5es cr\u00edticas.<\/b><\/p>\n<p><span style=\"font-weight: 400;\">A <\/span><b>Linha SRP 4000 Flex OilFree<\/b><span style=\"font-weight: 400;\">, da Schulz, oferece <\/span><b>ar comprimido livre de \u00f3leo<\/b><span style=\"font-weight: 400;\">, com certifica\u00e7\u00e3o <\/span><b>ISO 8573-1 Classe 0<\/b><span style=\"font-weight: 400;\">, ideal para ind\u00fastrias que exigem <\/span><b>risco zero de contamina\u00e7\u00e3o<\/b><span style=\"font-weight: 400;\">, como os setores <\/span><b>farmac\u00eautico<\/b><span style=\"font-weight: 400;\">, <\/span><b>aliment\u00edcio<\/b><span style=\"font-weight: 400;\">, <\/span><b>bebidas<\/b><span style=\"font-weight: 400;\">, <\/span><b>t\u00eaxtil<\/b><span style=\"font-weight: 400;\">, <\/span><b>\u00f3leo e g\u00e1s<\/b><span style=\"font-weight: 400;\">, entre outros.<\/span><\/p>\n<p><span style=\"font-weight: 400;\">Principais benef\u00edcios:<\/span><span style=\"font-weight: 400;\"><br \/>\n<\/span><span style=\"font-weight: 400;\"> \u2714\ufe0f <\/span><b>Tecnologia japonesa, fabrica\u00e7\u00e3o nacional<\/b><b><br \/>\n<\/b><span style=\"font-weight: 400;\"> \u2714\ufe0f <\/span><b>Maior seguran\u00e7a e confiabilidade<\/b><span style=\"font-weight: 400;\">, com <\/span><b>baixo custo de manuten\u00e7\u00e3o<\/b><b><br \/>\n<\/b><span style=\"font-weight: 400;\"> \u2714\ufe0f <\/span><b>Alta efici\u00eancia energ\u00e9tica<\/b><b><br \/>\n<\/b><span style=\"font-weight: 400;\"> \u2714\ufe0f Monitoramento remoto em tempo real via <\/span><b>Schulz Link (sistema IoT)<\/b><span style=\"font-weight: 400;\">, com <\/span><b>notifica\u00e7\u00f5es e relat\u00f3rios autom\u00e1ticos<\/b><\/p>\n<p><span style=\"font-weight: 400;\">Uma solu\u00e7\u00e3o robusta e inteligente para quem precisa de <\/span><b>qualidade de ar superior<\/b><span style=\"font-weight: 400;\"> e <\/span><b>desempenho constante em aplica\u00e7\u00f5es cr\u00edticas<\/b><span style=\"font-weight: 400;\">.<\/span><\/p>\n","protected":false},"excerpt":{"rendered":"<p>Ar 100% isento de \u00f3leo, com seguran\u00e7a e efici\u00eancia para aplica\u00e7\u00f5es cr\u00edticas. A Linha SRP 4000 Flex OilFree, da Schulz, oferece ar comprimido livre de \u00f3leo, com certifica\u00e7\u00e3o ISO 8573-1 Classe 0, ideal para ind\u00fastrias que exigem risco zero de contamina\u00e7\u00e3o, como os setores farmac\u00eautico, aliment\u00edcio, bebidas, t\u00eaxtil, \u00f3leo e g\u00e1s, entre outros. Principais benef\u00edcios: [&hellip;]<\/p>\n","protected":false},"featured_media":379,"comment_status":"open","ping_status":"closed","template":"","meta":[],"product_brand":[],"product_cat":[21],"product_tag":[],"class_list":{"0":"post-378","1":"product","2":"type-product","3":"status-publish","4":"has-post-thumbnail","6":"product_cat-sem-categoria","8":"first","9":"instock","10":"shipping-taxable","11":"product-type-simple"},"yoast_head":"<!-- This site is optimized with the Yoast SEO plugin v27.3 - https:\/\/yoast.com\/product\/yoast-seo-wordpress\/ -->\n<title>Compressor de parafuso Linha 4000 FLEX OIL FREE - Site Gru Compressores<\/title>\n<meta name=\"robots\" content=\"index, follow, max-snippet:-1, max-image-preview:large, max-video-preview:-1\" \/>\n<link rel=\"canonical\" href=\"https:\/\/clientehostix.com.br\/gru_compressores\/produto\/compressor-de-parafuso-linha-4000-flex-oil-free\/\" \/>\n<meta property=\"og:locale\" content=\"pt_BR\" \/>\n<meta property=\"og:type\" content=\"article\" \/>\n<meta property=\"og:title\" content=\"Compressor de parafuso Linha 4000 FLEX OIL FREE - Site Gru Compressores\" \/>\n<meta property=\"og:description\" content=\"Ar 100% isento de \u00f3leo, com seguran\u00e7a e efici\u00eancia para aplica\u00e7\u00f5es cr\u00edticas. A Linha SRP 4000 Flex OilFree, da Schulz, oferece ar comprimido livre de \u00f3leo, com certifica\u00e7\u00e3o ISO 8573-1 Classe 0, ideal para ind\u00fastrias que exigem risco zero de contamina\u00e7\u00e3o, como os setores farmac\u00eautico, aliment\u00edcio, bebidas, t\u00eaxtil, \u00f3leo e g\u00e1s, entre outros. Principais benef\u00edcios: [&hellip;]\" \/>\n<meta property=\"og:url\" content=\"https:\/\/clientehostix.com.br\/gru_compressores\/produto\/compressor-de-parafuso-linha-4000-flex-oil-free\/\" \/>\n<meta property=\"og:site_name\" content=\"Site Gru Compressores\" \/>\n<meta property=\"article:modified_time\" content=\"2025-06-26T20:00:40+00:00\" \/>\n<meta property=\"og:image\" content=\"https:\/\/clientehostix.com.br\/gru_compressores\/wp-content\/uploads\/2025\/06\/SRP-4000-Flex-OilFree.jpeg\" \/>\n\t<meta property=\"og:image:width\" content=\"1000\" \/>\n\t<meta property=\"og:image:height\" content=\"1000\" \/>\n\t<meta property=\"og:image:type\" content=\"image\/jpeg\" \/>\n<meta name=\"twitter:card\" content=\"summary_large_image\" \/>\n<meta name=\"twitter:label1\" content=\"Est. tempo de leitura\" \/>\n\t<meta name=\"twitter:data1\" content=\"1 minuto\" \/>\n<script type=\"application\/ld+json\" class=\"yoast-schema-graph\">{\"@context\":\"https:\\\/\\\/schema.org\",\"@graph\":[{\"@type\":\"WebPage\",\"@id\":\"https:\\\/\\\/clientehostix.com.br\\\/gru_compressores\\\/produto\\\/compressor-de-parafuso-linha-4000-flex-oil-free\\\/\",\"url\":\"https:\\\/\\\/clientehostix.com.br\\\/gru_compressores\\\/produto\\\/compressor-de-parafuso-linha-4000-flex-oil-free\\\/\",\"name\":\"Compressor de parafuso Linha 4000 FLEX OIL FREE - Site Gru Compressores\",\"isPartOf\":{\"@id\":\"https:\\\/\\\/clientehostix.com.br\\\/gru_compressores\\\/#website\"},\"primaryImageOfPage\":{\"@id\":\"https:\\\/\\\/clientehostix.com.br\\\/gru_compressores\\\/produto\\\/compressor-de-parafuso-linha-4000-flex-oil-free\\\/#primaryimage\"},\"image\":{\"@id\":\"https:\\\/\\\/clientehostix.com.br\\\/gru_compressores\\\/produto\\\/compressor-de-parafuso-linha-4000-flex-oil-free\\\/#primaryimage\"},\"thumbnailUrl\":\"https:\\\/\\\/clientehostix.com.br\\\/gru_compressores\\\/wp-content\\\/uploads\\\/2025\\\/06\\\/SRP-4000-Flex-OilFree.jpeg\",\"datePublished\":\"2025-06-18T19:47:30+00:00\",\"dateModified\":\"2025-06-26T20:00:40+00:00\",\"breadcrumb\":{\"@id\":\"https:\\\/\\\/clientehostix.com.br\\\/gru_compressores\\\/produto\\\/compressor-de-parafuso-linha-4000-flex-oil-free\\\/#breadcrumb\"},\"inLanguage\":\"pt-BR\",\"potentialAction\":[{\"@type\":\"ReadAction\",\"target\":[\"https:\\\/\\\/clientehostix.com.br\\\/gru_compressores\\\/produto\\\/compressor-de-parafuso-linha-4000-flex-oil-free\\\/\"]}]},{\"@type\":\"ImageObject\",\"inLanguage\":\"pt-BR\",\"@id\":\"https:\\\/\\\/clientehostix.com.br\\\/gru_compressores\\\/produto\\\/compressor-de-parafuso-linha-4000-flex-oil-free\\\/#primaryimage\",\"url\":\"https:\\\/\\\/clientehostix.com.br\\\/gru_compressores\\\/wp-content\\\/uploads\\\/2025\\\/06\\\/SRP-4000-Flex-OilFree.jpeg\",\"contentUrl\":\"https:\\\/\\\/clientehostix.com.br\\\/gru_compressores\\\/wp-content\\\/uploads\\\/2025\\\/06\\\/SRP-4000-Flex-OilFree.jpeg\",\"width\":1000,\"height\":1000},{\"@type\":\"BreadcrumbList\",\"@id\":\"https:\\\/\\\/clientehostix.com.br\\\/gru_compressores\\\/produto\\\/compressor-de-parafuso-linha-4000-flex-oil-free\\\/#breadcrumb\",\"itemListElement\":[{\"@type\":\"ListItem\",\"position\":1,\"name\":\"In\u00edcio\",\"item\":\"https:\\\/\\\/clientehostix.com.br\\\/gru_compressores\\\/\"},{\"@type\":\"ListItem\",\"position\":2,\"name\":\"Produtos\",\"item\":\"https:\\\/\\\/clientehostix.com.br\\\/gru_compressores\\\/shop\\\/\"},{\"@type\":\"ListItem\",\"position\":3,\"name\":\"Compressor de parafuso Linha 4000 FLEX OIL FREE\"}]},{\"@type\":\"WebSite\",\"@id\":\"https:\\\/\\\/clientehostix.com.br\\\/gru_compressores\\\/#website\",\"url\":\"https:\\\/\\\/clientehostix.com.br\\\/gru_compressores\\\/\",\"name\":\"Site Gru Compressores\",\"description\":\"\",\"potentialAction\":[{\"@type\":\"SearchAction\",\"target\":{\"@type\":\"EntryPoint\",\"urlTemplate\":\"https:\\\/\\\/clientehostix.com.br\\\/gru_compressores\\\/?s={search_term_string}\"},\"query-input\":{\"@type\":\"PropertyValueSpecification\",\"valueRequired\":true,\"valueName\":\"search_term_string\"}}],\"inLanguage\":\"pt-BR\"}]}<\/script>\n<!-- \/ Yoast SEO plugin. -->","yoast_head_json":{"title":"Compressor de parafuso Linha 4000 FLEX OIL FREE - Site Gru Compressores","robots":{"index":"index","follow":"follow","max-snippet":"max-snippet:-1","max-image-preview":"max-image-preview:large","max-video-preview":"max-video-preview:-1"},"canonical":"https:\/\/clientehostix.com.br\/gru_compressores\/produto\/compressor-de-parafuso-linha-4000-flex-oil-free\/","og_locale":"pt_BR","og_type":"article","og_title":"Compressor de parafuso Linha 4000 FLEX OIL FREE - Site Gru Compressores","og_description":"Ar 100% isento de \u00f3leo, com seguran\u00e7a e efici\u00eancia para aplica\u00e7\u00f5es cr\u00edticas. A Linha SRP 4000 Flex OilFree, da Schulz, oferece ar comprimido livre de \u00f3leo, com certifica\u00e7\u00e3o ISO 8573-1 Classe 0, ideal para ind\u00fastrias que exigem risco zero de contamina\u00e7\u00e3o, como os setores farmac\u00eautico, aliment\u00edcio, bebidas, t\u00eaxtil, \u00f3leo e g\u00e1s, entre outros. Principais benef\u00edcios: [&hellip;]","og_url":"https:\/\/clientehostix.com.br\/gru_compressores\/produto\/compressor-de-parafuso-linha-4000-flex-oil-free\/","og_site_name":"Site Gru Compressores","article_modified_time":"2025-06-26T20:00:40+00:00","og_image":[{"width":1000,"height":1000,"url":"https:\/\/clientehostix.com.br\/gru_compressores\/wp-content\/uploads\/2025\/06\/SRP-4000-Flex-OilFree.jpeg","type":"image\/jpeg"}],"twitter_card":"summary_large_image","twitter_misc":{"Est. tempo de leitura":"1 minuto"},"schema":{"@context":"https:\/\/schema.org","@graph":[{"@type":"WebPage","@id":"https:\/\/clientehostix.com.br\/gru_compressores\/produto\/compressor-de-parafuso-linha-4000-flex-oil-free\/","url":"https:\/\/clientehostix.com.br\/gru_compressores\/produto\/compressor-de-parafuso-linha-4000-flex-oil-free\/","name":"Compressor de parafuso Linha 4000 FLEX OIL FREE - Site Gru Compressores","isPartOf":{"@id":"https:\/\/clientehostix.com.br\/gru_compressores\/#website"},"primaryImageOfPage":{"@id":"https:\/\/clientehostix.com.br\/gru_compressores\/produto\/compressor-de-parafuso-linha-4000-flex-oil-free\/#primaryimage"},"image":{"@id":"https:\/\/clientehostix.com.br\/gru_compressores\/produto\/compressor-de-parafuso-linha-4000-flex-oil-free\/#primaryimage"},"thumbnailUrl":"https:\/\/clientehostix.com.br\/gru_compressores\/wp-content\/uploads\/2025\/06\/SRP-4000-Flex-OilFree.jpeg","datePublished":"2025-06-18T19:47:30+00:00","dateModified":"2025-06-26T20:00:40+00:00","breadcrumb":{"@id":"https:\/\/clientehostix.com.br\/gru_compressores\/produto\/compressor-de-parafuso-linha-4000-flex-oil-free\/#breadcrumb"},"inLanguage":"pt-BR","potentialAction":[{"@type":"ReadAction","target":["https:\/\/clientehostix.com.br\/gru_compressores\/produto\/compressor-de-parafuso-linha-4000-flex-oil-free\/"]}]},{"@type":"ImageObject","inLanguage":"pt-BR","@id":"https:\/\/clientehostix.com.br\/gru_compressores\/produto\/compressor-de-parafuso-linha-4000-flex-oil-free\/#primaryimage","url":"https:\/\/clientehostix.com.br\/gru_compressores\/wp-content\/uploads\/2025\/06\/SRP-4000-Flex-OilFree.jpeg","contentUrl":"https:\/\/clientehostix.com.br\/gru_compressores\/wp-content\/uploads\/2025\/06\/SRP-4000-Flex-OilFree.jpeg","width":1000,"height":1000},{"@type":"BreadcrumbList","@id":"https:\/\/clientehostix.com.br\/gru_compressores\/produto\/compressor-de-parafuso-linha-4000-flex-oil-free\/#breadcrumb","itemListElement":[{"@type":"ListItem","position":1,"name":"In\u00edcio","item":"https:\/\/clientehostix.com.br\/gru_compressores\/"},{"@type":"ListItem","position":2,"name":"Produtos","item":"https:\/\/clientehostix.com.br\/gru_compressores\/shop\/"},{"@type":"ListItem","position":3,"name":"Compressor de parafuso Linha 4000 FLEX OIL FREE"}]},{"@type":"WebSite","@id":"https:\/\/clientehostix.com.br\/gru_compressores\/#website","url":"https:\/\/clientehostix.com.br\/gru_compressores\/","name":"Site Gru Compressores","description":"","potentialAction":[{"@type":"SearchAction","target":{"@type":"EntryPoint","urlTemplate":"https:\/\/clientehostix.com.br\/gru_compressores\/?s={search_term_string}"},"query-input":{"@type":"PropertyValueSpecification","valueRequired":true,"valueName":"search_term_string"}}],"inLanguage":"pt-BR"}]}},"_links":{"self":[{"href":"https:\/\/clientehostix.com.br\/gru_compressores\/wp-json\/wp\/v2\/product\/378","targetHints":{"allow":["GET"]}}],"collection":[{"href":"https:\/\/clientehostix.com.br\/gru_compressores\/wp-json\/wp\/v2\/product"}],"about":[{"href":"https:\/\/clientehostix.com.br\/gru_compressores\/wp-json\/wp\/v2\/types\/product"}],"replies":[{"embeddable":true,"href":"https:\/\/clientehostix.com.br\/gru_compressores\/wp-json\/wp\/v2\/comments?post=378"}],"wp:featuredmedia":[{"embeddable":true,"href":"https:\/\/clientehostix.com.br\/gru_compressores\/wp-json\/wp\/v2\/media\/379"}],"wp:attachment":[{"href":"https:\/\/clientehostix.com.br\/gru_compressores\/wp-json\/wp\/v2\/media?parent=378"}],"wp:term":[{"taxonomy":"product_brand","embeddable":true,"href":"https:\/\/clientehostix.com.br\/gru_compressores\/wp-json\/wp\/v2\/product_brand?post=378"},{"taxonomy":"product_cat","embeddable":true,"href":"https:\/\/clientehostix.com.br\/gru_compressores\/wp-json\/wp\/v2\/product_cat?post=378"},{"taxonomy":"product_tag","embeddable":true,"href":"https:\/\/clientehostix.com.br\/gru_compressores\/wp-json\/wp\/v2\/product_tag?post=378"}],"curies":[{"name":"wp","href":"https:\/\/api.w.org\/{rel}","templated":true}]}}